 = -b*o. What is the hundreds digit of o?
1
Let c = 10120 + -1203. What is the tens digit of c?
1
Suppose -553*o = -536*o - 583593. What is the tens digit of o?
2
Let i = 13616 - 7504. What is the tens digit of i?
1
Let l(k) = k**3 + 61*k**2 - 4*k - 94. What is the hundreds digit of l(-59)?
1
Suppose 0 = -7*b + 21 + 14. Suppose 0 = -b*i + 3387 - 927. What is the hundreds digit of i?
4
Suppose 5*g = -5*v, -2*v + 4*g + 18 = -0*g. Suppose -249 = v*s - 3*y, -s - y - 45 = 34. Let j = s - -118. What is the tens digit of j?
3
Suppose 0 = -2*t + d + 10, t = -d + 5*d + 19. Suppose t*s - 570 = -5*r + 8*s, 5*r - 2*s = 585. What is the units digit of r?
9
Let z = 148442 - 66327. What is the tens digit of z?
1
Let r = 6416 - 27101. What is the tens digit of (-1)/3 + r/(-63)?
2
Let o = 144 + -140. What is the tens digit of (198/5 - 4)/(o/40)?
5
Suppose 0 = -3*k, -4*w + 0*k - k + 57078 = -158954. What is the units digit of w?
8
Suppose -3*l + 103731 = 17*l + 28531. What is the units digit of l?
0
Let d = 663 - 187. Suppose 514 = 6*a - d. What is the tens digit of a?
6
What is the ten thousands digit of (-175)/(-315) - 1306461/(-27)?
4
Let p = 3808 + -2108. Suppose 5*m - 900 = p. Let l = m + -352. What is the units digit of l?
8
Suppose -226664 - 4358600 = -179*q. What is the tens digit of q?
1
Let b = 5257 - 778. What is the thousands digit of b?
4
Let c(k) = -k**3 - 16*k**2 - 29*k + 13. Let y(g) = 2*g - 25. Let o be y(6). Let m be c(o). Let q = m + 175. What is the tens digit of q?
5
Suppose 14*x - 5*x - 13*x = 0. Suppose a - 4*r = -x*r + 501, -5*a + 2461 = 2*r. What is the tens digit of a?
9
Let n = -462 - -464. Suppose n*b - 430 = 1412. What is the hundreds digit of b?
9
Let i = 997 + 10356. What is the hundreds digit of i?
3
Let x(n) = -9*n - 21. Let j be x(-6). Let c(i) = 6*i - 4. Let a be c(-2). Let z = a + j. What is the tens digit of z?
1
Let u = -48 + 155. Suppose u*q = 101*q + 1440. What is the tens digit of q?
4
What is the hundreds digit of ((-27)/162)/((-1)/8391) - (-2)/(-4)?
3
Suppose 3*z - 22 = -4*v, -3*v = -2*z - 2*v + 11. Suppose 0 = -z*j + 20*j - 2926. Suppose j = 4*l + 61. What is the units digit of l?
7
Suppose 3*f - 2*q - 48153 = 0, 5*q = -108*f + 108*f. What is the thousands digit of f?
6
Let x(z) be the second derivative of 11*z**5/10 - 2*z**4/3 + 5*z**3/6 - 3*z**2 - z + 70. What is the tens digit of x(3)?
3
Suppose 0 = 75*g - 70*g + 2*o - 39853, 0 = 4*g - 3*o - 31887. What is the units digit of g?
1
Let f = 7262 + 1722. What is the hundreds digit of f?
9
Let q = -299 - -295. What is the units digit of (-132)/9*-2*(-9)/q?
6
Let s(q) = -q**2 - 39*q + 40. Let h be s(-24). Suppose 0 = 2*p - 4*d - h, 5*p + 7 - 998 = d. What is the tens digit of p?
9
Let m = -9744 - -36209. What is the thousands digit of m?
6
Suppose -10752 = i - 7*i + 52854. What is the thousands digit of i?
0
Suppose 0 = 6*g - 316 - 14. What is the tens digit of g*1*(7 - (-231)/(-35))?
2
Suppose 0 = 4*i + x + 676, -18*i + 15*i - 4*x - 507 = 0. Let v = 136 - i. What is the units digit of v?
5
Suppose -2*u - u = -6. Suppose -5*k + 653 + 863 = 3*p, 5*k - p - 1528 = 0. Suppose 2*m - h = 201, -u*m + k = m + 2*h. What is the hundreds digit of m?
1
Suppose n + 3*i - 147 = 0, -2*n + 159 = 3*i - 120. Suppose 120 + n = o. What is the tens digit of o?
5
What is the hundreds digit of -6 - (-12323)/7 - (-32)/56?
7
Let o(f) = 52 + 19*f**2 + 14*f + 12*f + 1 - f**3. What is the units digit of o(20)?
3
Let p(k) = k**3 - 12*k**2 - k - 5. Let n be (-9)/6*52/12*-2. Let r = n + 0. What is the tens digit of p(r)?
5
Let f be (-3)/(30/4) + (-122660)/(-25). Suppose -12*h - 598 + f = 0. What is the hundreds digit of h?
3
Suppose h = -4*w - 8387, 4*w - 8*h + 5*h = -8407. Let l = -589 - w. What is the units digit of l?
9
Let h(g) = g**3 + 14*g**2 + 23*g + 10. Let r be h(-12). Suppose r = 7*q + 8. What is the units digit of -10 + 13 - (-160 - q)?
5
What is the hundreds digit of 28 + 4929 + 3 + -14?
9
Suppose -50*n = 5*n + 300065 - 827955. What is the tens digit of n?
9
Let c = 991 + 5455. What is the thousands digit of c?
6
Suppose -3*z - 3*a + 4*a + 7226 = 0, 4*a - 7246 = -3*z. What is the tens digit of z/(-6)*(-9)/15?
4
Let h(f) = 419*f**2 - 26*f + 3. What is the thousands digit of h(5)?
0
Suppose -77*u - 54*u = -1564271. What is the ten thousands digit of u?
1
Suppose 0 = -4*a + 174 + 18. Let s = a + -58. What is the tens digit of (-8)/s - 2352/(-35)?
6
Let a be ((-40)/50 - (-813)/(-15))/(-1). Let k(x) = 35*x**3 + x**2 - x - 1. Let w be k(-1). Let v = w + a. What is the units digit of v?
1
Suppose 2*d = 4*x - 5 - 9, 5*x + 4*d - 11 = 0. Suppose -2767 = -4*w + 3*k, x*w - 3*k - k - 2070 = 0. What is the units digit of w?
4
Suppose 2398*o - 778388 = 2372*o. What is the units digit of o?
8
Suppose t = 13513 - 679. What is the units digit of t?
4
Suppose 3*b + 122 = 5*q - 0*q, b + 3*q + 22 = 0. Let o(m) = -34*m - 208. What is the tens digit of o(b)?
4
Let k(h) be the first derivative of -h**2/2 - 25. Let s(j) = 31*j - 16. Let u(y) = -k(y) - s(y). What is the tens digit of u(-4)?
3
Let t = 47 - 16. Let b(h) = h**3 - 30*h**2 - 16*h + 25. What is the units digit of b(t)?
0
Let i = 432 - 432. Suppose i = 25*a - 17*a - 6416. What is the units digit of a?
2
Let l(v) = -3*v**3 + 4*v**2 + 7*v - 1. Let c be l(3). Let i be c*((-64)/20)/4. Suppose -940 = -i*g + 15*g. What is the units digit of g?
8
Suppose d = 2*k + 2, -3*k = -d - d. Let z be (-5 - d/2) + 7/1. Suppose -f - 4*f + 451 = -4*c, 453 = z*f - 2*c. What is the tens digit of f?
9
Let o = -140 - -132. What is the tens digit of (-211 + -15)/(2/o)?
0
Suppose -5*h + 2*h - u + 113682 = 0, -2*h = u - 75786. What is the ten thousands digit of h?
3
Suppose -18 = 5*u - 28. Let l be (-2)/(u + 312/(-153)). Suppose 4*s = -l + 227. What is the tens digit of s?
4
Let r be 5 - (-518 - 3) - (-2 - 1). Let h = r + 81. Suppose -6*k - 4*k + h = 0. What is the units digit of k?
1
Suppose -8*i - 3*y = -32118, -y + 13 - 19 = 0. What is the units digit of i?
7
Suppose 0 = -m + 3*g + 26103, 3*m - 26516 = -5*g + 51793. What is the thousands digit of m?
6
Let o(q) be the second derivative of q**3 - 45*q**2/2 + 2*q. Suppose 0 = -970*t + 968*t + s + 22, 5*t - s - 64 = 0. What is the units digit of o(t)?
9
Let n be ((-28)/(-8))/(1/26). Suppose n - 457 = -q. What is the units digit of q?
6
Let c(m) = 5*m**3 - 177*m**2 + 121*m - 60. What is the units digit of c(35)?
5
Let b(f) = 2*f + 2. Let u be b(1). Let v be 452/(u/(-1))*-5. Suppose 0 = -5*n + w + w + 907, 3*n + 4*w - v = 0. What is the units digit of n?
3
Suppose u + 395 = -52. Let m = -41 - u. What is the units digit of m?
6
Suppose -14 = 4*r + r - 2*k, 4 = 2*k. Suppose 0 = l - j - 2068, -3*j - 2076 = -l - 6*j. What is the hundreds digit of (r/(-6))/((-2064)/l + 1)?
1
Let z be 2/(70/165) - 4/(-14). Suppose -383 = -4*l - 3*c, 5*c - z = -3*l + 274. What is the tens digit of l?
9
Suppose 4*x = -95*s + 98*s - 18827, -5*s + 3*x + 31404 = 0. What is the hundreds digit of s?
2
What is the tens digit of 1368/(-38)*((-706)/6 + 3)?
2
Let t(a) = -25 - 4462*a - 11 + 4356*a. What is the units digit of t(-4)?
8
Let f be (-7)/9 - (-2)/(-9). What is the hundreds digit of (4 - (-670)/(-8))/(f/12)?
9
Suppose -3*r = -2*i - 4*r + 212, -400 = -4*i + 4*r. Let t = i - -160. Let l = -148 + t. What is the tens digit of l?
1
Let x be 3 - (-3 + 22 - 0 - 1). What is the units digit of x - -19 - 257*-1?
1
Suppose -50*i = -49*i. Suppose u - 11 - 16 = i. Suppose 28*p - 58 = u*p. What is the tens digit of p?
5
Let s(v) = v**3 - 13*v**2 - 18*v + 27. Let h be s(14). Let y = h - -34. Suppose -2*a + 188 = -0*a + p, 5*a - y*p = 455. What is the units digit of a?
3
Suppose 0 = z - 3*v + 1, 0*v - 3 = z - v. Let n be 6 - 5 - z/2. Suppose -72 = -n*h + h. What is the units digit of h?
6
Let r = -120 + 123. What is the hundreds digit of (-5)/r*-177 - 6?
2
Let l be ((-12)/(-15))/(2/20). Let i(y) = -4*y**2 - 20 - 2*y**2 - 20*y + l*y**2. What is the tens digit of i(16)?
7
Let f(q) = q**2 - 8*q - 1. Let p be f(8). Let w(k) = -102*k + 1. Let i be w(p). Let a = 219 - i. What is the hundreds digit of a?
1
Let s be -2*7/2 + 1049. Let b = s + -554. What is the hundreds digit of b?
4
Let h = 3973 - -310. What is the units digit of h?
3
Let g be (-45)/(-12) + (-2)/(-8). Suppose 6*